{"id":57,"date":"2023-11-14T12:33:40","date_gmt":"2023-11-14T12:33:40","guid":{"rendered":"http:\/\/845.ablak.arnes.si\/?page_id=57"},"modified":"2025-09-09T12:51:07","modified_gmt":"2025-09-09T12:51:07","slug":"kontakti","status":"publish","type":"page","link":"https:\/\/vrtecmorje.si\/?page_id=57","title":{"rendered":"Kontakti"},"content":{"rendered":"\n<figure class=\"wp-block-table is-style-stripes\"><table><tbody><tr><td>Centralni vrtec in uprava&nbsp;<\/td><td>Vrtec Morje Lucija<br>Fazanska ulica 3<br>6320 Portoro\u017e-Portorose<br>(Za\u010dasna lokacija na Tenis center Portoro\u017e, Obala 26)<br>T: 05 671 28 30<br>E:&nbsp;<a href=\"mailto:info@vrtecmorje.si\">info@vrtecmorje.si&nbsp;<\/a><br><strong>Uradne ure:&nbsp;<\/strong>Od ponedeljka do petka od 8:00 do 9:30 in od 13:30 do 15:00.<br>Na telefon smo dosegljivi vsak dan od 8:00 do 15:00<\/td><\/tr><tr><td>Tajnica VIZ-oskrbnine otrok<\/td><td><strong>Milejdi Prin\u010di\u010d<\/strong><br>E:&nbsp;<a href=\"mailto:milejdi.princic@vrtecmorje.si\">milejdi.princic@vrtecmorje.si<\/a><br>T: 05 671 28 30<\/td><\/tr><tr><td>Ravnatelj<\/td><td><strong>Uro\u0161 Savec<\/strong><br>E: <a href=\"mailto:uros.savec@vrtecmorje.si\">uros.savec@vrtecmorje.si<\/a><br>T: 05 671 28 31<\/td><\/tr><tr><td>Pomo\u010dnica ravnatelja<\/td><td><strong>Vera Bubni\u010d<\/strong><br>E: <a href=\"mailto:vera.bubnic@vrtecmorje.si\">vera.bubnic@vrtecmorje.si<\/a><br>T: 05 671 28 32<\/td><\/tr><tr><td>Svetovalna delavka<\/td><td><strong>Sara \u0160tajdohar<\/strong><br>E: <a href=\"mailto:sara.stajdohar@vrtecmorje.si\">sara.stajdohar@vrtecmorje.si<\/a><br>T: 05 671 28 40<\/td><\/tr><tr><td>Vzgojiteljica za zgodnjo obravnavo<\/td><td><strong>Lucija Mato\u0161<\/strong><br>E: <a href=\"mailto:sara.stajdohar@vrtecmorje.si\">lucija.matos@vrtecmorje.si<\/a><br>T: 05 671 28 40<\/td><\/tr><tr><td>Ra\u010dunovodja<\/td><td><strong>Matja\u017e Babi\u010d<\/strong> <br>E: <a rel=\"noreferrer noopener\" href=\"mailto:olga.ljubec@vrtecmorje.si\" target=\"_blank\">racunovodja@vrtecmorje.si<\/a><\/td><\/tr><tr><td>Knjigovodja<\/td><td><strong>Alenka Hvala<\/strong><br>E: <a href=\"mailto:alenka.hvala@vrtecmorje.si\" target=\"_blank\" rel=\"noreferrer noopener\">alenka.hvala@vrtecmorje.si<\/a><br>T: 05 671 28 39<\/td><\/tr><tr><td>Organizatorka prehrane in zdravstveno higienskega re\u017eima<br><\/td><td><strong>Tina Vah\u010di\u010d<\/strong><br>E: <a rel=\"noreferrer noopener\" href=\"mailto:tina.vahcic@vrtecmorje.si\" target=\"_blank\">tina.vahcic@vrtecmorje.si<\/a>&nbsp;<br>T: 05 671 28 40<\/td><\/tr><tr><td><\/td><td><\/td><\/tr><tr><td>Vrtec Morje Lucija   (Za\u010dasna lokacija O\u0160 Cirila Kosma\u010da)<\/td><td>T: 05 671 28 34<br>T: 05 671 28 35<br>T: 05 671 28 38<\/td><\/tr><tr><td>Vrtec Morje Lucija   (Za\u010dasna lokacija Vrtec Mornar\u010dek Piran)<\/td><td>T: 05 671 28 36<br>M: 064 250 882<\/td><\/tr><tr><td>Vrtec Morje Lucija   (Za\u010dasna lokacija Vrtec Bar\u010dica Portoro\u017e)<\/td><td>T: 05 671 28 37<br>M: 064 251 600<\/td><\/tr><tr><td>Enota Je\u017eek<\/td><td>Liminjanska 91<br>6320 Portoro\u017e<br>T: 05 677 01 90<\/td><\/tr><tr><td>Enota Strunjan<\/td><td>Strunjan 37<br>6320 Portoro\u017e<br>T: 05 678 23 22<\/td><\/tr><\/tbody><\/table><\/figure>\n","protected":false},"excerpt":{"rendered":"<p>Centralni vrtec in uprava&nbsp; Vrtec Morje LucijaFazanska ulica 36320 Portoro\u017e-Portorose(Za\u010dasna lokacija na Tenis center Portoro\u017e, Obala 26)T: 05 671 28 30E:&nbsp;info@vrtecmorje.si&nbsp;Uradne ure:&nbsp;Od ponedeljka do petka od 8:00 do 9:30 in od 13:30 do 15:00.Na telefon smo dosegljivi vsak dan od 8:00 do 15:00 Tajnica VIZ-oskrbnine otrok Milejdi Prin\u010di\u010dE:&nbsp;milejdi.princic@vrtecmorje.siT: 05 671 28 30 Ravnatelj Uro\u0161 SavecE: &hellip;<\/p>\n<p class=\"read-more\"> <a class=\"\" href=\"https:\/\/vrtecmorje.si\/?page_id=57\"> <span class=\"screen-reader-text\">Kontakti<\/span> Preberi ve\u010d &raquo;<\/a><\/p>\n","protected":false},"author":1,"featured_media":0,"parent":0,"menu_order":0,"comment_status":"closed","ping_status":"closed","template":"","meta":{"site-sidebar-layout":"default","site-content-layout":"","ast-site-content-layout":"","site-content-style":"default","site-sidebar-style":"default","ast-global-header-display":"","ast-banner-title-visibility":"","ast-main-header-display":"","ast-hfb-above-header-display":"","ast-hfb-below-header-display":"","ast-hfb-mobile-header-display":"","site-post-title":"","ast-breadcrumbs-content":"","ast-featured-img":"","footer-sml-layout":"","theme-transparent-header-meta":"","adv-header-id-meta":"","stick-header-meta":"","header-above-stick-meta":"","header-main-stick-meta":"","header-below-stick-meta":"","astra-migrate-meta-layouts":"","ast-page-background-enabled":"default","ast-page-background-meta":{"desktop":{"background-color":"var(--ast-global-color-4)","background-image":"","background-repeat":"repeat","background-position":"center center","background-size":"auto","background-attachment":"scroll","background-type":"","background-media":"","overlay-type":"","overlay-color":"","overlay-gradient":""},"tablet":{"background-color":"","background-image":"","background-repeat":"repeat","background-position":"center center","background-size":"auto","background-attachment":"scroll","background-type":"","background-media":"","overlay-type":"","overlay-color":"","overlay-gradient":""},"mobile":{"background-color":"","background-image":"","background-repeat":"repeat","background-position":"center center","background-size":"auto","background-attachment":"scroll","background-type":"","background-media":"","overlay-type":"","overlay-color":"","overlay-gradient":""}},"ast-content-background-meta":{"desktop":{"background-color":"var(--ast-global-color-5)","background-image":"","background-repeat":"repeat","background-position":"center center","background-size":"auto","background-attachment":"scroll","background-type":"","background-media":"","overlay-type":"","overlay-color":"","overlay-gradient":""},"tablet":{"background-color":"var(--ast-global-color-5)","background-image":"","background-repeat":"repeat","background-position":"center center","background-size":"auto","background-attachment":"scroll","background-type":"","background-media":"","overlay-type":"","overlay-color":"","overlay-gradient":""},"mobile":{"background-color":"var(--ast-global-color-5)","background-image":"","background-repeat":"repeat","background-position":"center center","background-size":"auto","background-attachment":"scroll","background-type":"","background-media":"","overlay-type":"","overlay-color":"","overlay-gradient":""}},"footnotes":""},"_links":{"self":[{"href":"https:\/\/vrtecmorje.si\/index.php?rest_route=\/wp\/v2\/pages\/57"}],"collection":[{"href":"https:\/\/vrtecmorje.si\/index.php?rest_route=\/wp\/v2\/pages"}],"about":[{"href":"https:\/\/vrtecmorje.si\/index.php?rest_route=\/wp\/v2\/types\/page"}],"author":[{"embeddable":true,"href":"https:\/\/vrtecmorje.si\/index.php?rest_route=\/wp\/v2\/users\/1"}],"replies":[{"embeddable":true,"href":"https:\/\/vrtecmorje.si\/index.php?rest_route=%2Fwp%2Fv2%2Fcomments&post=57"}],"version-history":[{"count":15,"href":"https:\/\/vrtecmorje.si\/index.php?rest_route=\/wp\/v2\/pages\/57\/revisions"}],"predecessor-version":[{"id":1678,"href":"https:\/\/vrtecmorje.si\/index.php?rest_route=\/wp\/v2\/pages\/57\/revisions\/1678"}],"wp:attachment":[{"href":"https:\/\/vrtecmorje.si\/index.php?rest_route=%2Fwp%2Fv2%2Fmedia&parent=57"}],"curies":[{"name":"wp","href":"https:\/\/api.w.org\/{rel}","templated":true}]}}