{"id":542,"date":"2023-12-05T21:52:39","date_gmt":"2023-12-05T21:52:39","guid":{"rendered":"http:\/\/845.ablak.arnes.si\/?page_id=542"},"modified":"2023-12-05T21:52:39","modified_gmt":"2023-12-05T21:52:39","slug":"izjava-o-dostopnosti","status":"publish","type":"page","link":"https:\/\/vrtecmorje.si\/?page_id=542","title":{"rendered":"IZJAVA O DOSTOPNOSTI"},"content":{"rendered":"\n<p>Ta izjava o dostopnosti se nana\u0161a na Vrtec Morje Lucija (v nadaljevanju: vrtec). V skladu z <a href=\"http:\/\/www.pisrs.si\/Pis.web\/pregledPredpisa?id=ZAKO7718\">Zakonom o dostopnosti spleti\u0161\u010d in mobilnih aplikacij<\/a> (v nadaljevanju: ZDSMA) \u017eelimo spletno stran pribli\u017eati naj\u0161ir\u0161emu krogu uporabnikom.<\/p>\n\n\n\n<p><strong>Izjava o dostopnosti<\/strong><\/p>\n\n\n\n<p>Ta izjava o dostopnosti se nana\u0161a na spleti\u0161\u010de na\u0161ega vrtca, ki se nahaja na spletnem naslovu <a href=\"http:\/\/www.vrtecmorje.si\">www.vrtecmorje.si<\/a>.<\/p>\n\n\n\n<p>ZDSMA vrtce zavezuje glede vsebine spleti\u0161\u010d in mobilnih aplikacij, ki se nana\u0161ajo na osnovne informacije o zavodu, informacije o vpisnem postopku in druge upravne informacije. Upravne informacije s podro\u010dja pred\u0161olske vzgoje so zbrane in objavljene na spletnem mestu resornega ministrstva: <a href=\"https:\/\/www.gov.si\/podrocja\/izobrazevanje-znanost-in-sport\/predsolska-vzgoja\/\">https:\/\/www.gov.si\/podrocja\/izobrazevanje-znanost-in-sport\/predsolska-vzgoja\/<\/a><\/p>\n\n\n\n<p>Za zagotavljanje dostopnosti so bile zagotovljene naslednje sistemske prilagoditve:<\/p>\n\n\n\n<ul>\n<li>prilagajanje velikosti pisave,<\/li>\n\n\n\n<li>prilagajanje barvnih kontrastov,<\/li>\n\n\n\n<li>odzivno oblikovanje oz. prilagajanje postavitve vsebine zaslonu,<\/li>\n\n\n\n<li>ustavi premike in urejanje besedila,<\/li>\n\n\n\n<li>nastavitve, da so vse povezave pod\u010drtane,<\/li>\n\n\n\n<li>navigacija s tipkovnico,<\/li>\n\n\n\n<li>predvidljivo delovanje spleti\u0161\u010da,<\/li>\n\n\n\n<li>omogo\u010dena uporaba razli\u010dnih ravni naslovov.<\/li>\n<\/ul>\n\n\n\n<p>Vti\u010dnik SOGO dostopnost omogo\u010da funkcionalnosti na stopnji AA (WCAG 2.0), je skladen s standardom SIST EN 301 549 V1.1.2.<\/p>\n\n\n\n<p><strong>Stopnja skladnosti<\/strong><\/p>\n\n\n\n<p>Spleti\u0161\u010de na\u0161ega vrtca je delno skladno z&nbsp;ZDSMA zaradi spodaj navedenih izjem.<\/p>\n\n\n\n<p><strong>Nedostopna vsebina<\/strong><\/p>\n\n\n\n<p>Dostopnost spleti\u0161\u010da na\u0161ega vrtca spremljamo in sproti izbolj\u0161ujemo posamezne elemente dostopnosti. Kljub temu nekatere objavljene vsebine ne izpolnjujejo vseh zahtev glede dostopnosti, kot jih dolo\u010da ZDSMA. Primeri takih vsebin so:<\/p>\n\n\n\n<ul>\n<li>skenirani dokumenti v PDF obliki zapisa,<\/li>\n\n\n\n<li>programsko generirani dokumenti (npr. letna poro\u010dila),<\/li>\n\n\n\n<li>razli\u010dne kompleksne tabele s podatki,<\/li>\n\n\n\n<li>organigrami,<\/li>\n\n\n\n<li>vsebina v formatih, ki zahteva prenos in uporabo namenskih aplikacij,<\/li>\n\n\n\n<li>videoposnetki, ki nimajo na voljo podnapisov.<\/li>\n<\/ul>\n\n\n\n<p>Obvestilo o morebitnih primerih neskladnosti objav z dolo\u010dili ZDSMA in zahteve po posredovanju informacij v dostopni obliki lahko sporo\u010dite po telefonu ali po\u0161ljete po navadni ali elektronski po\u0161ti na: Vrtec Morje Lucija, Fazanska ulica 3, 6320 Portoro\u017e, telefonska \u0161tevilka: 05\/671 28 30, elektronska po\u0161ta:&nbsp;info@vrtecmorje.si.<\/p>\n\n\n\n<p>Na obvestilo ali pro\u0161njo bomo odgovorili v zakonsko dolo\u010denem roku \u2013 v 8 dneh od prejema obvestila oziroma pro\u0161nje. \u010ce glede na zahtevano vsebino v tem roku ne bomo mogli podati ustreznega odgovora vam bomo sporo\u010dili, kdaj bo odgovor podan in razlog nezmo\u017enosti odgovora v navedenem roku ustrezno utemeljili.<\/p>\n\n\n\n<p><strong>Nadzor nad izvajanjem ZDSMA<\/strong><\/p>\n\n\n\n<p>V primeru nezadovoljivih odgovorov na katero koli obvestilo ali zahtevo, poslano v skladu z 8. \u010dlenom ZDSMA, lahko podate prijavo In\u0161pektoratu RS za informacijsko dru\u017ebo po navadni ali elektronski po\u0161ti na naslov: Republika Slovenija, Ministrstvo za digitalno preobrazbo, In\u0161pektorat Republike Slovenije za informacijsko dru\u017ebo, Dav\u010dna ulica 1, 1000 Ljubljana, telefonska \u0161tevilka: 01 555 58 48, elektronska po\u0161ta: <a href=\"mailto:gp.irsid@gov.si\">gp.irsid@gov.si<\/a><\/p>\n\n\n\n<figure class=\"wp-block-embed\"><\/figure>\n\n\n\n<p><strong>Priprava izjave o dostopnosti<\/strong><\/p>\n\n\n\n<p>Izjava je bila pripravljena in objavljena dne 25. 4. 2023, na podlagi samoocene.<\/p>\n","protected":false},"excerpt":{"rendered":"<p>Ta izjava o dostopnosti se nana\u0161a na Vrtec Morje Lucija (v nadaljevanju: vrtec). V skladu z Zakonom o dostopnosti spleti\u0161\u010d in mobilnih aplikacij (v nadaljevanju: ZDSMA) \u017eelimo spletno stran pribli\u017eati naj\u0161ir\u0161emu krogu uporabnikom. Izjava o dostopnosti Ta izjava o dostopnosti se nana\u0161a na spleti\u0161\u010de na\u0161ega vrtca, ki se nahaja na spletnem naslovu www.vrtecmorje.si. ZDSMA vrtce &hellip;<\/p>\n<p class=\"read-more\"> <a class=\"\" href=\"https:\/\/vrtecmorje.si\/?page_id=542\"> <span class=\"screen-reader-text\">IZJAVA O DOSTOPNOSTI<\/span> Preberi ve\u010d &raquo;<\/a><\/p>\n","protected":false},"author":1,"featured_media":0,"parent":0,"menu_order":0,"comment_status":"closed","ping_status":"closed","template":"","meta":{"site-sidebar-layout":"default","site-content-layout":"","ast-site-content-layout":"","site-content-style":"default","site-sidebar-style":"default","ast-global-header-display":"","ast-banner-title-visibility":"","ast-main-header-display":"","ast-hfb-above-header-display":"","ast-hfb-below-header-display":"","ast-hfb-mobile-header-display":"","site-post-title":"","ast-breadcrumbs-content":"","ast-featured-img":"","footer-sml-layout":"","theme-transparent-header-meta":"","adv-header-id-meta":"","stick-header-meta":"","header-above-stick-meta":"","header-main-stick-meta":"","header-below-stick-meta":"","astra-migrate-meta-layouts":"","ast-page-background-enabled":"default","ast-page-background-meta":{"desktop":{"background-color":"var(--ast-global-color-4)","background-image":"","background-repeat":"repeat","background-position":"center center","background-size":"auto","background-attachment":"scroll","background-type":"","background-media":"","overlay-type":"","overlay-color":"","overlay-gradient":""},"tablet":{"background-color":"","background-image":"","background-repeat":"repeat","background-position":"center center","background-size":"auto","background-attachment":"scroll","background-type":"","background-media":"","overlay-type":"","overlay-color":"","overlay-gradient":""},"mobile":{"background-color":"","background-image":"","background-repeat":"repeat","background-position":"center center","background-size":"auto","background-attachment":"scroll","background-type":"","background-media":"","overlay-type":"","overlay-color":"","overlay-gradient":""}},"ast-content-background-meta":{"desktop":{"background-color":"var(--ast-global-color-5)","background-image":"","background-repeat":"repeat","background-position":"center center","background-size":"auto","background-attachment":"scroll","background-type":"","background-media":"","overlay-type":"","overlay-color":"","overlay-gradient":""},"tablet":{"background-color":"var(--ast-global-color-5)","background-image":"","background-repeat":"repeat","background-position":"center center","background-size":"auto","background-attachment":"scroll","background-type":"","background-media":"","overlay-type":"","overlay-color":"","overlay-gradient":""},"mobile":{"background-color":"var(--ast-global-color-5)","background-image":"","background-repeat":"repeat","background-position":"center center","background-size":"auto","background-attachment":"scroll","background-type":"","background-media":"","overlay-type":"","overlay-color":"","overlay-gradient":""}},"footnotes":""},"_links":{"self":[{"href":"https:\/\/vrtecmorje.si\/index.php?rest_route=\/wp\/v2\/pages\/542"}],"collection":[{"href":"https:\/\/vrtecmorje.si\/index.php?rest_route=\/wp\/v2\/pages"}],"about":[{"href":"https:\/\/vrtecmorje.si\/index.php?rest_route=\/wp\/v2\/types\/page"}],"author":[{"embeddable":true,"href":"https:\/\/vrtecmorje.si\/index.php?rest_route=\/wp\/v2\/users\/1"}],"replies":[{"embeddable":true,"href":"https:\/\/vrtecmorje.si\/index.php?rest_route=%2Fwp%2Fv2%2Fcomments&post=542"}],"version-history":[{"count":1,"href":"https:\/\/vrtecmorje.si\/index.php?rest_route=\/wp\/v2\/pages\/542\/revisions"}],"predecessor-version":[{"id":543,"href":"https:\/\/vrtecmorje.si\/index.php?rest_route=\/wp\/v2\/pages\/542\/revisions\/543"}],"wp:attachment":[{"href":"https:\/\/vrtecmorje.si\/index.php?rest_route=%2Fwp%2Fv2%2Fmedia&parent=542"}],"curies":[{"name":"wp","href":"https:\/\/api.w.org\/{rel}","templated":true}]}}