{"id":465,"date":"2023-11-28T11:42:47","date_gmt":"2023-11-28T11:42:47","guid":{"rendered":"http:\/\/845.ablak.arnes.si\/?page_id=465"},"modified":"2025-09-18T11:33:12","modified_gmt":"2025-09-18T11:33:12","slug":"obogatitvene-dejavnosti-2","status":"publish","type":"page","link":"https:\/\/vrtecmorje.si\/?page_id=465","title":{"rendered":"Obogatitvene dejavnosti"},"content":{"rendered":"\n<p><\/p>\n\n\n\n<p>Vsebinska popestritev osnovnega programa so obogatitvene dejavnosti. Gre za aktivnosti, ki jih organizira in izvaja vrtec, tudi v sodelovanju z zunanjimi sodelavci ob\u010dasno, dalj\u0161i ali kraj\u0161i \u010das, odvisno od izvedbenega kurikuluma vrtca, interesa otrok in \u017eelje star\u0161ev.<\/p>\n\n\n\n<p>V tem \u0161olskem letu bomo imeli naslednje obogatitvene dejavnosti:<\/p>\n\n\n\n<ul>\n<li>plesno pevske delavnice,<\/li>\n\n\n\n<li>angle\u0161\u010dina,<\/li>\n\n\n\n<li>ustvarjalne delavnice,<\/li>\n\n\n\n<li>\u0161portne urice,<\/li>\n\n\n\n<li>gledali\u0161ka skupina ,&nbsp;<\/li>\n\n\n\n<li>plavalni te\u010daj,&nbsp;<\/li>\n\n\n\n<li>knji\u017enica,&nbsp;<\/li>\n\n\n\n<li>zdravstvena, zobozdravstvena vzgoja in preventiva.<\/li>\n<\/ul>\n\n\n\n<p>Obogatitvene dejavnosti bodo vodili strokovni delavci  v okviru poslovalnega \u010dasa. V dejavnosti se vklju\u010dujejo otroci drugega starostnega obdobja v skladu z njihovimi interesi, \u017eeljami in sposobnostmi. Obogatitvene dejavnosti so za star\u0161e brezpla\u010dne.<\/p>\n","protected":false},"excerpt":{"rendered":"<p>Vsebinska popestritev osnovnega programa so obogatitvene dejavnosti. Gre za aktivnosti, ki jih organizira in izvaja vrtec, tudi v sodelovanju z zunanjimi sodelavci ob\u010dasno, dalj\u0161i ali kraj\u0161i \u010das, odvisno od izvedbenega kurikuluma vrtca, interesa otrok in \u017eelje star\u0161ev. V tem \u0161olskem letu bomo imeli naslednje obogatitvene dejavnosti: Obogatitvene dejavnosti bodo vodili strokovni delavci v okviru poslovalnega &hellip;<\/p>\n<p class=\"read-more\"> <a class=\"\" href=\"https:\/\/vrtecmorje.si\/?page_id=465\"> <span class=\"screen-reader-text\">Obogatitvene dejavnosti<\/span> Preberi ve\u010d &raquo;<\/a><\/p>\n","protected":false},"author":1,"featured_media":0,"parent":0,"menu_order":0,"comment_status":"closed","ping_status":"closed","template":"","meta":{"site-sidebar-layout":"default","site-content-layout":"","ast-site-content-layout":"","site-content-style":"default","site-sidebar-style":"default","ast-global-header-display":"","ast-banner-title-visibility":"","ast-main-header-display":"","ast-hfb-above-header-display":"","ast-hfb-below-header-display":"","ast-hfb-mobile-header-display":"","site-post-title":"","ast-breadcrumbs-content":"","ast-featured-img":"","footer-sml-layout":"","theme-transparent-header-meta":"","adv-header-id-meta":"","stick-header-meta":"","header-above-stick-meta":"","header-main-stick-meta":"","header-below-stick-meta":"","astra-migrate-meta-layouts":"","ast-page-background-enabled":"default","ast-page-background-meta":{"desktop":{"background-color":"var(--ast-global-color-4)","background-image":"","background-repeat":"repeat","background-position":"center center","background-size":"auto","background-attachment":"scroll","background-type":"","background-media":"","overlay-type":"","overlay-color":"","overlay-gradient":""},"tablet":{"background-color":"","background-image":"","background-repeat":"repeat","background-position":"center center","background-size":"auto","background-attachment":"scroll","background-type":"","background-media":"","overlay-type":"","overlay-color":"","overlay-gradient":""},"mobile":{"background-color":"","background-image":"","background-repeat":"repeat","background-position":"center center","background-size":"auto","background-attachment":"scroll","background-type":"","background-media":"","overlay-type":"","overlay-color":"","overlay-gradient":""}},"ast-content-background-meta":{"desktop":{"background-color":"var(--ast-global-color-5)","background-image":"","background-repeat":"repeat","background-position":"center center","background-size":"auto","background-attachment":"scroll","background-type":"","background-media":"","overlay-type":"","overlay-color":"","overlay-gradient":""},"tablet":{"background-color":"var(--ast-global-color-5)","background-image":"","background-repeat":"repeat","background-position":"center center","background-size":"auto","background-attachment":"scroll","background-type":"","background-media":"","overlay-type":"","overlay-color":"","overlay-gradient":""},"mobile":{"background-color":"var(--ast-global-color-5)","background-image":"","background-repeat":"repeat","background-position":"center center","background-size":"auto","background-attachment":"scroll","background-type":"","background-media":"","overlay-type":"","overlay-color":"","overlay-gradient":""}},"footnotes":""},"_links":{"self":[{"href":"https:\/\/vrtecmorje.si\/index.php?rest_route=\/wp\/v2\/pages\/465"}],"collection":[{"href":"https:\/\/vrtecmorje.si\/index.php?rest_route=\/wp\/v2\/pages"}],"about":[{"href":"https:\/\/vrtecmorje.si\/index.php?rest_route=\/wp\/v2\/types\/page"}],"author":[{"embeddable":true,"href":"https:\/\/vrtecmorje.si\/index.php?rest_route=\/wp\/v2\/users\/1"}],"replies":[{"embeddable":true,"href":"https:\/\/vrtecmorje.si\/index.php?rest_route=%2Fwp%2Fv2%2Fcomments&post=465"}],"version-history":[{"count":3,"href":"https:\/\/vrtecmorje.si\/index.php?rest_route=\/wp\/v2\/pages\/465\/revisions"}],"predecessor-version":[{"id":1685,"href":"https:\/\/vrtecmorje.si\/index.php?rest_route=\/wp\/v2\/pages\/465\/revisions\/1685"}],"wp:attachment":[{"href":"https:\/\/vrtecmorje.si\/index.php?rest_route=%2Fwp%2Fv2%2Fmedia&parent=465"}],"curies":[{"name":"wp","href":"https:\/\/api.w.org\/{rel}","templated":true}]}}