{"id":441,"date":"2023-11-27T21:02:08","date_gmt":"2023-11-27T21:02:08","guid":{"rendered":"http:\/\/845.ablak.arnes.si\/?page_id=441"},"modified":"2024-02-29T20:45:15","modified_gmt":"2024-02-29T20:45:15","slug":"vpis-in-sprejem","status":"publish","type":"page","link":"https:\/\/vrtecmorje.si\/?page_id=441","title":{"rendered":"Vpis in sprejem"},"content":{"rendered":"<p>Vrtec lahko sprejme otroke, ki so dopolnili starost najmanj 11 mesecev, \u010de star\u0161i ne uveljavljajo ve\u010d pravice do star\u0161evskega dopusta v obliki polne odsotnosti z dela.<\/p>\n<p>Vrtec vpisuje in sprejema pred\u0161olske otroke v svoje programe na podlagi prijav in prostih mest vse leto. Star\u0161i oziroma skrbniki (v nadaljevanju star\u0161i) vpi\u0161ejo otroka tako, da oddajo izpolnjeno Vlogo za sprejem otroka v vrtec na sede\u017eu vrtca ali jo po\u0161ljejo po po\u0161ti. <a href=\"https:\/\/vrtecmorje.si\/wp-content\/uploads\/2023\/11\/Vloga-za-vpis-otrok-v-vrtec.pdf\">Vloga za vpis otroka v vrtec<\/a>\u00a0dobijo star\u0161i na upravi vrtca ali spletni strani vrtca.<\/p>\n<p>Ob\u010dina ustanoviteljica najmanj en krat letno objavi javni vpis novincev za naslednje \u0161olsko leto na svoji spletni strani in v lokalnem \u010dasopisu. Objava javnega vpisa novincev za naslednje \u0161olsko leto je praviloma v mesecu marcu in se praviloma zaklju\u010di 31.3.<\/p>\n<p>\u010ce je v vrtec vpisanih ve\u010d otrok, kakor je prostih mest, o sprejemu odlo\u010da Komisija za sprejem otrok v vrtec. Na podlagi kriterijev komisija dolo\u010di prednostni vrstni red. Otroke, ki niso sprejeti v vrtec, se v skladu s prednostnim vrstnim redom uvrsti na \u010dakalni seznam. \u010cakajo\u010de otroke vrtec sprejme, ko se sprosti mesto.<\/p>\n<p>Prednost pri vpisu v vrtec imajo otroci s posebnimi potrebami, za katere so star\u0161i predlo\u017eili Zapisnik multidisciplinarnega tima in otroci, za katere je Center za socialno delo podal poro\u010dilo o ogro\u017eenosti zaradi socialnega polo\u017eaja.<\/p>\n<p>Vrtec star\u0161e obvesti o datumu vklju\u010ditve otroka v vrtec z Obvestilom o sprejemu otroka v vrtec ali Obvestilom o uvrstitvi otroka na \u010dakalni seznam, ki velja do zadnjega dne \u0161olskega leta. Ko star\u0161i prejmejo obvestilo, da je otrok sprejet v vrtec, prejmejo v podpis Pogodbo o dolo\u010ditvi medsebojnih pravic in obveznosti star\u0161ev in vrtca, ki jo podpi\u0161eta oba star\u0161a.<\/p>\n<p>S podpisom pogodbe med vrtcem in star\u0161i se \u0161teje, da je otrok vklju\u010den v vrtec. V kolikor star\u0161a v roku 15 dneh od vro\u010ditve poziva ne podpi\u0161eta pogodbe, se \u0161teje, da so umaknili vlogo za vpis otroka v vrtec. Vrtec pozove k sklenitvi pogodbe star\u0161e naslednjega otroka iz \u010dakalnega seznama.<\/p>\n<p>Star\u0161i, ki so odklonili sprejem otroka v vrtec, lahko ponovno vlo\u017eijo vlogo za vpis otroka v vrtec, vendar nimajo prednosti pri ponovnem postopku sprejema otroka v vrtec.<\/p>\n<p>Po podpisu pogodbe, star\u0161i vlo\u017eijo najmanj mesec dni preden pride otrok v vrtec na pristojni Center za socialno delo <span style=\"color: #ff0000;\"><a href=\"https:\/\/vrtecmorje.si\/wp-content\/uploads\/2023\/11\/Vloga-za-vpis-otrok-v-vrtec.pdf\">Vlogo za uveljavljanje pravic iz javnih sredstev<\/a><strong>\u00a0<\/strong><\/span>(za zni\u017eano pla\u010dilo vrtca).<\/p>\n<p>Prvi dan prihoda otroka v vrtec morajo star\u0161i predlo\u017eiti vzgojiteljici ali na upravo vrtca Zdravni\u0161ko potrdilo pediatra o zdravstvenem stanju otroka, iz katerega izhaja, da je otrok zdravstveno sposoben za vklju\u010ditev v vrtec. Potrdilo ne sme biti starej\u0161e od enega meseca.<\/p>\n<h3>Izpis otroka iz vrtca<\/h3>\n<p>Star\u0161i lahko izpi\u0161ejo otroka iz vrtca na podlagi <span style=\"color: #000000;\">pisne izjave &#8211;<\/span><a href=\"https:\/\/vrtecmorje.si\/wp-content\/uploads\/2023\/11\/Izpisnica.pdf\"><span style=\"color: #000000;\"> Vloge za izpis otroka iz vrtca<\/span><\/a>, ki jo osebno oddajo na upravi vrtca ali jo po\u0161ljejo po po\u0161ti najmanj 15 dni pred nameravanim izpisom. Izpis otroka iz vrtca se realizira s 1. ali 15. dnem v mesecu. Star\u0161i morajo pred realizacijo izpisa poravnati vse obveznosti do vrtca. <span style=\"color: #000000;\">Obrazec Izpis otroka iz vrtca dobij<\/span>o star\u0161i na upravi vrtca ali spletni strani vrtca.<\/p>\n<p>Ve\u010d o vpisu, sprejemu otrok v vrtec in delu komisije za sprejem otroka v vrtec lahko star\u0161i preberete v <a href=\"http:\/\/www.vrtecmorje.si\/wp-content\/uploads\/2017\/04\/ODLOK_O_SPREJEMU_OTROK_V_VRTEC_V_OBCINI_PIRAN.pdf\"><span style=\"color: #000000;\">Odloku o sprejemu otrok v vrtec v Ob\u010dini Piran<\/span><\/a>, ki je bil objavljen v Uradnih objavah Primorskih novic dne 1.6.2011 ali na spletni strani ob\u010dine.<\/p>\n","protected":false},"excerpt":{"rendered":"<p>Vrtec lahko sprejme otroke, ki so dopolnili starost najmanj 11 mesecev, \u010de star\u0161i ne uveljavljajo ve\u010d pravice do star\u0161evskega dopusta v obliki polne odsotnosti z dela. Vrtec vpisuje in sprejema pred\u0161olske otroke v svoje programe na podlagi prijav in prostih mest vse leto. Star\u0161i oziroma skrbniki (v nadaljevanju star\u0161i) vpi\u0161ejo otroka tako, da oddajo izpolnjeno &hellip;<\/p>\n<p class=\"read-more\"> <a class=\"\" href=\"https:\/\/vrtecmorje.si\/?page_id=441\"> <span class=\"screen-reader-text\">Vpis in sprejem<\/span> Preberi ve\u010d &raquo;<\/a><\/p>\n","protected":false},"author":1,"featured_media":0,"parent":0,"menu_order":0,"comment_status":"closed","ping_status":"closed","template":"","meta":{"site-sidebar-layout":"default","site-content-layout":"","ast-site-content-layout":"","site-content-style":"default","site-sidebar-style":"default","ast-global-header-display":"","ast-banner-title-visibility":"","ast-main-header-display":"","ast-hfb-above-header-display":"","ast-hfb-below-header-display":"","ast-hfb-mobile-header-display":"","site-post-title":"","ast-breadcrumbs-content":"","ast-featured-img":"","footer-sml-layout":"","theme-transparent-header-meta":"","adv-header-id-meta":"","stick-header-meta":"","header-above-stick-meta":"","header-main-stick-meta":"","header-below-stick-meta":"","astra-migrate-meta-layouts":"","ast-page-background-enabled":"default","ast-page-background-meta":{"desktop":{"background-color":"var(--ast-global-color-4)","background-image":"","background-repeat":"repeat","background-position":"center center","background-size":"auto","background-attachment":"scroll","background-type":"","background-media":"","overlay-type":"","overlay-color":"","overlay-gradient":""},"tablet":{"background-color":"","background-image":"","background-repeat":"repeat","background-position":"center center","background-size":"auto","background-attachment":"scroll","background-type":"","background-media":"","overlay-type":"","overlay-color":"","overlay-gradient":""},"mobile":{"background-color":"","background-image":"","background-repeat":"repeat","background-position":"center center","background-size":"auto","background-attachment":"scroll","background-type":"","background-media":"","overlay-type":"","overlay-color":"","overlay-gradient":""}},"ast-content-background-meta":{"desktop":{"background-color":"var(--ast-global-color-5)","background-image":"","background-repeat":"repeat","background-position":"center center","background-size":"auto","background-attachment":"scroll","background-type":"","background-media":"","overlay-type":"","overlay-color":"","overlay-gradient":""},"tablet":{"background-color":"var(--ast-global-color-5)","background-image":"","background-repeat":"repeat","background-position":"center center","background-size":"auto","background-attachment":"scroll","background-type":"","background-media":"","overlay-type":"","overlay-color":"","overlay-gradient":""},"mobile":{"background-color":"var(--ast-global-color-5)","background-image":"","background-repeat":"repeat","background-position":"center center","background-size":"auto","background-attachment":"scroll","background-type":"","background-media":"","overlay-type":"","overlay-color":"","overlay-gradient":""}},"footnotes":""},"_links":{"self":[{"href":"https:\/\/vrtecmorje.si\/index.php?rest_route=\/wp\/v2\/pages\/441"}],"collection":[{"href":"https:\/\/vrtecmorje.si\/index.php?rest_route=\/wp\/v2\/pages"}],"about":[{"href":"https:\/\/vrtecmorje.si\/index.php?rest_route=\/wp\/v2\/types\/page"}],"author":[{"embeddable":true,"href":"https:\/\/vrtecmorje.si\/index.php?rest_route=\/wp\/v2\/users\/1"}],"replies":[{"embeddable":true,"href":"https:\/\/vrtecmorje.si\/index.php?rest_route=%2Fwp%2Fv2%2Fcomments&post=441"}],"version-history":[{"count":5,"href":"https:\/\/vrtecmorje.si\/index.php?rest_route=\/wp\/v2\/pages\/441\/revisions"}],"predecessor-version":[{"id":767,"href":"https:\/\/vrtecmorje.si\/index.php?rest_route=\/wp\/v2\/pages\/441\/revisions\/767"}],"wp:attachment":[{"href":"https:\/\/vrtecmorje.si\/index.php?rest_route=%2Fwp%2Fv2%2Fmedia&parent=441"}],"curies":[{"name":"wp","href":"https:\/\/api.w.org\/{rel}","templated":true}]}}